e 8*r - j = 5*r. What is the remainder when r is divided by 19?
16
Let w be 1 + 2 + 43 + 2. Suppose -3*o + w = o. Calculate the remainder when o is divided by 7.
5
Let y be (-5 - 7)*4/(-6). Let a be 1 + 1*(-6 + 1). Let m = y + a. Calculate the remainder when 10 is divided by m.
2
Let q(y) = -y. Let g be q(-3). Suppose g*c - 185 = -2*c. Calculate the remainder when c is divided by 13.
11
Let j(h) = h**3 + 4*h**2 - 6*h - 2. Let v be j(-5). Suppose 2*c + 4*m + 21 = 95, 0 = v*c + 4*m - 113. Calculate the remainder when c is divided by 10.
9
Suppose -21 = -0*d + 3*d. Let f = d + 5. What is the remainder when f/6 - (-56)/6 is divided by 5?
4
Suppose 5*p = -3*t + 65, 0*t - t = 0. What is the remainder when p is divided by 3?
1
Suppose 0 = 3*h - 5*h + 10. Suppose 4*o + h*g - 44 = 0, 4*o + g - 6*g - 84 = 0. Let s(j) = 5*j**2 - j - 3. Calculate the remainder when s(-3) is divided by o.
13
Let o(v) = 2*v**2 + 3*v - 6. Let p(t) = 2*t + 4. Let s be p(-8). Let z = -17 - s. Calculate the remainder when o(z) is divided by 15.
14
Suppose -3*d + 16*d - 247 = 0. Suppose -2*j - 4*u = -78, 3*j = -3*u + 150 - 36. Calculate the remainder when j is divided by d.
18
Calculate the remainder when 2 + 22*3/2 is divided by 13.
9
Suppose -106 = a - 3*a. Let c(j) = -14*j**3 - j**2 + j + 2. What is the remainder when a is divided by c(-1)?
11
Let f(p) = p + 3. Let r be (4 + -4)*(-1)/2. Let x = 2 + r. What is the remainder when x is divided by f(-2)?
0
Let b(t) = -2 + 4 + 3*t - 4. Calculate the remainder when 14 is divided by b(2).
2
Suppose 0 = -m + 7 + 3. Let r(i) = i - 4 - i**2 + 34 - 1. What is the remainder when r(0) is divided by m?
9
What is the remainder when (-1)/((-2)/8) - 0 is divided by 3?
1
Calculate the remainder when (-585)/(-6)*(-3)/(-15)*4 is divided by 28.
22
Suppose 0 = -2*s + 4, 3*s - 11 = 5*l - 0*l. Let x(i) = 0*i - 6*i - 11*i - 1 - 21*i. What is the remainder when x(l) is divided by 13?
11
Suppose -3*k = -27 - 0. Calculate the remainder when (-3)/6 - (-284)/8 is divided by k.
8
Suppose 5 = -9*g + 32. What is the remainder when 11 is divided by g?
2
Suppose 2*h + 5 = 17. Suppose 0 = 2*c - h, c + 31 = b + 3*c. Let f = -12 + b. What is the remainder when 24 is divided by f?
11
Calculate the remainder when 4 - 3/(-6)*4 is divided by 4.
2
Let p = -4 - -6. Let j be 2 - (2 + -2)/(-4). Suppose -17 - 40 = -5*c - p*y, j*y + 47 = 3*c. Calculate the remainder when 24 is divided by c.
11
Let b be (24/36)/((-1)/(-6)). Suppose b = n - 2. Calculate the remainder when n is divided by 4.
2
Let m = -2 - -2. Suppose d - g + 6*g - 36 = m, -3*g = -12. What is the remainder when d is divided by (-1)/2 + 13/2?
4
Suppose 5*y = -3*z + 41 - 106, 3*z + 15 = 0. Let g be y/6 + 6/9. Calculate the remainder when 28 is divided by 2 - g - (-7 - 0).
8
Let k(y) = -5*y**3 - 3 - 5*y**2 + y + 0*y**2 + 6*y**3. Calculate the remainder when k(5) is divided by (-4)/(-6) - 1/(-3).
0
Let l(c) = 6*c - 6. Let w be l(5). Let v = 35 - w. Suppose -5*i - 24 = -184. Calculate the remainder when i is divided by v.
10
Let v(n) be the first derivative of n**4/4 + 4*n**3/3 + n**2 + 3*n - 3. Calculate the remainder when 3 - 2 - -14 - -2 is divided by v(-3).
5
Let q be (2*-2)/2 - -6. Suppose q*i = -5*z + 28 - 11, -4*z = 3*i - 14. Let u = 1 - -1. Calculate the remainder when z is divided by u.
1
Let s(o) = -o**3 + 5*o**2 - 2*o. Let b(p) = p**2 + 7*p + 4. Let n be b(-7). Calculate the remainder when 87/n + (-3)/(-12) is divided by s(3).
10
Let l(z) = 2*z**2 - 4*z + 1. Let f = -1 + -2. Let s(q) = -q**2 + 7*q - 1. Calculate the remainder when l(f) is divided by s(4).
9
Suppose 0 = 3*v + b - 22, v - 11 - 7 = -3*b. Calculate the remainder when v is divided by (12 + 0)*(-4)/(-12).
2
What is the remainder when 52 is divided by (-1 + -29)*6/(-10)?
16
What is the remainder when 83 is divided by -2 + 19 - (-12)/3?
20
Let q = 82 + -59. Suppose 5*y - 5 - 55 = 0. Calculate the remainder when q is divided by y.
11
Suppose 2*n = 4*n - 6. Let o = -13 + 7. Let v = o - -13. Calculate the remainder when v is divided by n.
1
Let f = -11 - -54. Suppose 4*w + 5*y - 20 = 0, y - 1 = 3*w + 3. Suppose n - 15 = -w. What is the remainder when f is divided by n?
13
Suppose 0 = 3*r - 4*b - 24, 5*b - 7 = -3*r + 44. Calculate the remainder when r is divided by 2.
0
Suppose -5*w - 2*c + c + 14 = 0, 3*w = 2*c + 11. Suppose -w*z - 49 = -172. Calculate the remainder when z is divided by 21.
20
Let x = 4 - 2. Let s = 4 - x. Suppose -2*m = s*m - 108. What is the remainder when m is divided by 7?
6
Let s = -25 - -40. Calculate the remainder when 118 is divided by s.
13
Let a = 108 + -46. Suppose -4 = 2*u - 30. Calculate the remainder when a is divided by u.
10
Suppose 5*i - 147 = 28. What is the remainder when i is divided by 19?
16
Suppose 5*n - 19 = -2*m + 61, -4*n = -3*m - 41. Suppose -7*y + 8*y = n. Calculate the remainder when (1/1)/((-1)/(-27)) is divided by y.
13
Let y be (-2)/5 - 208/(-20). Suppose -u = -p - p + 4, -2*u - 5*p = -y. Let q(b) = b**2 + b + 25. Calculate the remainder when 49 is divided by q(u).
24
Suppose 0 = -2*b - 5*l - 15, 12 = -b + 5*b - 4*l. Suppose -4*r + b = 16. Let k(m) = m**3 + 5*m**2 + 2*m + 1. What is the remainder when 26 is divided by k(r)?
8
Let l = -123 + 204. What is the remainder when l is divided by 246/9 + 8/12?
25
Suppose 0 = c - 11 + 2. What is the remainder when (-3)/c*(0 + -21) is divided by 2?
1
Let c = 29 + -21. Suppose -36 = -4*s + 48. What is the remainder when s is divided by c?
5
Let t be (-3 - -1)/((-2)/39). Suppose 3*u - t = 39. Suppose -5*g - 39 = -5*f + 1, -4*g = -2*f + u. Calculate the remainder when 3 is divided by f.
0
Let a(l) = -7*l. Let y be a(1). Let t = -3 - y. Suppose 0*v + 5 = -v, 0 = -t*u - 5*v + 27. What is the remainder when u is divided by 5?
3
Let x(c) = -c**2 - 13*c + 12. What is the remainder when 45 is divided by x(-13)?
9
Let c = 15 - -3. Suppose 57 - c = 3*m. Calculate the remainder when 38 is divided by m.
12
Let m be 3*(12/(-9))/(-2). Suppose m*f - 1 = -5*o + 14, -5*f = -2*o + 6. Let b(z) = 6*z + 1. Calculate the remainder when 36 is divided by b(o).
17
Let t(u) = -u**2 + 11*u - 1. Let y be 92/16 + 1/4. Let m be t(y). Let c = m + -10. Calculate the remainder when 36 is divided by c.
17
Suppose 0 = -5*y - 35 + 130. Let b = 4 - 1. What is the remainder when (111/(-9))/(b/(-9)) is divided by y?
18
What is the remainder when 6/4 + (-611)/(-26) is divided by 9?
7
Let l be -19 + 1 + (1 - 4). What is the remainder when (2 - l) + (-1 - -1) is divided by 13?
10
Let s be (-4 - 2/(-1))/(-2). Let g(i) = 9*i + 1. What is the remainder when 17 is divided by g(s)?
7
Let y = 8 - 6. Let v(c) = 7*c. Let h be v(y). Calculate the remainder when (-2 - -9)*60/h is divided by 16.
14
Suppose 5*y = 2*w - 92, -1 + 9 = -2*y. Suppose t = -t + w. What is the remainder when 71 is divided by t?
17
Let y(a) = a**3 + 3*a**2 + a - 3. Let k be y(-3). Let t(x) = 3*x**2 + 9*x + 11. Calculate the remainder when t(k) is divided by 17.
14
Let d(n) = -n + 1. Let s be d(2). Let a = s + 3. What is the remainder when (1*-3)/(6/(-4)) is divided by a?
0
Let u = 1 - -5. Let i = -1 + 6. Suppose z + 45 = i*f, -z = 3*f - 2*z - 25. What is the remainder when f is divided by u?
4
Let h = 365 + -247. What is the remainder when h/8 - 1/(-4) is divided by 8?
7
Suppose 5*u + 4*g = 73, -u + 4*g - 34 = -3*u. Calculate the remainder when 50 is divided by u.
11
Suppose 0 = -3*s - 0*a - 3*a + 90, 4*s = -5*a + 117. Let h(k) = -2*k + 69. Calculate the remainder when s is divided by h(31).
5
Suppose 5*y = -r + 23, 4*r = 4*y - 2*y + 158. Suppose -6 = 5*d - 1. What is the remainder when r is divided by 318/24 + d/4?
12
Suppose v + 93 = 4*v. What is the remainder when 92 is divided by v?
30
Suppose 4*x - 170 + 2 = 0. What is the remainder when x is divided by 15?
12
Suppose 0 = 4*g + 9 - 37. Calculate the remainder when 10 is divided by g.
3
Suppose 6*i - l + 101 = 7*i, 0 = i + 4*l - 86. What is the remainder when i is divided by 36?
34
Let v(p) = p**2 - 11*p - 22. Calculate the remainder when v(20) is divided by 40.
38
Calculate the remainder when 33 is divided by ((-12)/10)/(-2*(-1)/(-30)).
15
Suppose -4*k = 2*q - 16, 5*q - 3 - 1 = 2*k. What is the remainder when 89 is divided by 1 + -2 - q*-12?
20
Let k(s) = 2*s + 8. Let p = -5 - -5